and i?
17
Let q = 153 - 207. Let v be 576/27*q/(-4). Calculate the greatest common factor of 18 and v.
18
Suppose -7*b + 5*b = -84. Let x(i) be the first derivative of 29*i**3/3 + i**2/2 + 6. Let h be x(-1). Calculate the greatest common divisor of h and b.
14
Let s = 1022 + -525. Suppose 2 + 0 = -2*d, -4*d = -4*j + 32. What is the highest common factor of j and s?
7
Let w(i) = 819*i**2 + 21*i + 4. Let b be w(-3). Calculate the greatest common divisor of 24 and b.
8
Let o = 12 + 8. Suppose 1116*a - 2240 = -1128*a + 2230*a. Calculate the highest common factor of o and a.
20
Let n be 1/(-3) + (532/12)/7. Suppose n - 2 = 4*x. Let p be 1 + 98 - (-3 + 2)*x. Calculate the highest common divisor of p and 20.
20
Let q be (1/(-2))/((-2)/528). Suppose -4*z + q = -3*z. Suppose -173*x = -150*x - 276. What is the greatest common divisor of x and z?
12
Suppose -2*v + 914 = -s, -1537 = -4*v - s + 279. Calculate the highest common divisor of v and 203.
7
Let v be 12*1/((-112)/(-160))*7/4. Calculate the greatest common divisor of 7800 and v.
30
Suppose 5*d - 12881 = -3731 + 11620. What is the highest common divisor of 938 and d?
134
Let g = -67 - -69. Let r be (g/3 - 0)/(22/1683). What is the highest common divisor of r and 119?
17
Suppose -1104 = -11*l - 32751. Let j be l/(-18) + 130/(-156). Calculate the greatest common factor of j and 106.
53
Let p(b) = 20*b**2 + 105*b - 318. Let d be p(3). Calculate the highest common divisor of 5782 and d.
59
Let s(u) = u**2 - 4*u - 10. Let c be s(5). Let m be (-2 - c - -98) + 3 + 1. Calculate the greatest common factor of 15 and m.
15
Suppose 63*c = -7*c + 18900. What is the greatest common factor of c and 650?
10
Suppose 0*j = 4*j + 4*t - 60, 5*t = 2*j - 30. Suppose -2*p + 6 = 0, -15*i + 9 = -11*i - 5*p. What is the highest common divisor of i and j?
3
Suppose 8*l = 20*l + 1380. Let v = -101 - l. Suppose 17*d - 285 = v*d. Calculate the greatest common divisor of d and 19.
19
Let y be -1*3/(-6)*(0 - -66). Let f = 57 - y. Let z = 6 + f. What is the highest common factor of z and 45?
15
Suppose 79*h = 15*h + 18816. Calculate the highest common factor of h and 336.
42
Let j = 144 + -90. Let w = j - 50. Suppose -3*y + 3*n = -n - 202, 260 = 4*y + w*n. Calculate the highest common factor of 6 and y.
6
Let r = 56 + 42. Suppose 4*n - 2*k = 3*n + 9, 2*k = -2*n + 12. Calculate the highest common factor of n and r.
7
Let j be (5/(-3))/((-2)/(-42)). Suppose -p - 192 = 4*o, -2*p + 791 = -o + 752. Let h = j - o. Calculate the greatest common divisor of h and 192.
12
Let w(j) = 69*j - 610. Let f be w(10). Suppose 3*c = -c + 40. Calculate the greatest common divisor of c and f.
10
Suppose -32*j + 12 = -30*j. Suppose 0 = o - 5*n - 4, -2*n = -o - j + 4. Let k be (1 + 1 + -5)*40/o. Calculate the greatest common factor of k and 140.
20
Let y = 5158 + -5002. What is the highest common factor of y and 228?
12
Suppose 0 = -23*p - 1110 + 1248. Calculate the greatest common factor of 177 and p.
3
Let y(k) = k**2 - 14 - 2*k**2 + 53*k - 37*k. Let s be y(10). What is the greatest common divisor of s and 322?
46
Let r = -21105 + 21276. Calculate the greatest common factor of 27 and r.
9
Let m = 47898 + -26209. What is the greatest common factor of m and 41?
41
Let q = 751 - 321. Suppose -u - 5 = 0, -53*f + 5*u = -58*f + 75. What is the greatest common divisor of q and f?
10
Let c(x) = 68*x**3 - 19*x**2 + 93*x - 3. Let r be c(4). Calculate the greatest common divisor of 14 and r.
7
Let r be (-6)/9 + (-24)/(-9) + 0. Suppose r*v - 144 = -i, -4*i + i = 5*v - 360. Let b = 71 - 63. What is the highest common factor of v and b?
8
Let h = -53 + 56. Suppose 0*d - 1764 = -4*i + 4*d, -4*i - h*d = -1792. Calculate the highest common factor of i and 89.
89
Suppose 53 = -30*y + 323. Let w be y/(91/156*2/7). Calculate the greatest common divisor of w and 594.
54
Let a(c) = 69*c**2 - 680*c - 1. Let y be a(10). What is the highest common factor of y and 45?
9
Let j(a) = 2*a**2 + 2*a + 4. Let s be j(-2). Suppose s*x = 232 - 40. What is the greatest common factor of 64 and x?
8
Let f = 199 - 196. Suppose 0 = -z - 5*n + 96, f*z + 0*z - 288 = -3*n. What is the highest common divisor of 264 and z?
24
Suppose -5*t = -2*z - 5170, 3*t - 2*z - 1207 = 1891. What is the highest common factor of 266 and t?
14
Let z = -42 - -45. Suppose n + m = 101, 2*m + z = 1. Let s be (24/(-18))/((-1)/n). What is the highest common factor of 17 and s?
17
Let f(j) = -14*j + 186. Let u be f(13). Suppose u*o - 426 = -5*n - 90, -1 = o. What is the highest common divisor of 187 and n?
17
Let p = 93 + -124. Let t = 121 + p. Calculate the greatest common divisor of t and 45.
45
Let t = 371 - 365. Let u(g) = 11*g - 55. Let b be u(t). What is the greatest common divisor of b and 88?
11
Suppose 4*g - t = 2888, -20*g + 4*t - 739 = -21*g. What is the highest common divisor of g and 27?
3
Suppose 0 = o - 425 + 566. Let c = -56 - o. What is the greatest common divisor of c and 10?
5
Let w = 225 - 220. Suppose -w*n + 3180 = -n - 4*x, 4*x = -4*n + 3156. What is the highest common divisor of 144 and n?
72
Let n be -13 - -15 - 7 - (-60673 - -8). Calculate the highest common factor of 180 and n.
180
Suppose -3*m + 13 = -2*b, -4*b + 21 = 5*m - 8. Let j(n) = 23*n**3 + 4*n**2 - 5*n + 2. Let f be j(b). Calculate the greatest common factor of 84 and f.
12
Let o = 2210 + -2205. Suppose 0 = -2*w - 5*a + 3 - 1, -5*a + 4 = 4*w. Calculate the greatest common factor of w and o.
1
Suppose x + 406 - 121 = 0. Suppose -585 = 18*r - 15*r. Let v = r - x. What is the highest common factor of v and 18?
18
Suppose 238560 + 434490 = 70*x. What is the highest common divisor of x and 15?
15
Let g = 7819 - 3763. What is the greatest common divisor of 24 and g?
24
Suppose -595 + 4029 = 17*q. Let g = q - 145. What is the greatest common divisor of 38 and g?
19
Suppose 4*s + 5*d = 77, -4*s - 3*d = -6*s + 33. Calculate the greatest common divisor of 64 and s.
2
Suppose -51*n + 36107 - 4742 = 0. What is the greatest common divisor of n and 369?
123
Let v(o) = 31*o**2 - 99*o + 110. Let y be v(4). What is the highest common factor of 798 and y?
42
Let y(k) = 101*k + 30. Let o be y(12). Suppose -36*l + o = -27*l. What is the greatest common divisor of 12 and l?
6
Let u(c) = c**3 + 15*c**2 + 37*c - 12. Let b be u(-11). What is the highest common factor of 104 and b?
13
Let y(q) = 20*q - 1157. Let u be y(61). What is the highest common divisor of u and 497?
7
Suppose -155*h + 135*h = -1280. What is the highest common factor of h and 236?
4
Let r be ((-14)/28)/((-2)/(-16)). Let v be 96/(-72)*750/r. Calculate the greatest common factor of 100 and v.
50
Let o(v) = 465*v**3 - v**2 - 2*v + 2. Let c be o(1). Suppose 5*b - 496 - c = 0. What is the highest common factor of 8 and b?
8
Suppose 2*b - 2 = 2*r, -3*b - 2*b = -2*r - 14. Let t = 8 + -3. Suppose 3*m - t*w - 103 = 0, -m + 38 = 5*w - 3*w. What is the highest common divisor of m and b?
4
Suppose 2*f + 6894 = 3*i, -907*i - 5*f + 2315 = -906*i. What is the greatest common factor of 2070 and i?
230
Let t(y) = 3*y**3 - 4*y**2 + 4*y - 3. Let i be t(2). Let n = 222 + -196. Let r be n + 0 - (-3 + 3). Calculate the highest common divisor of r and i.
13
Let i(p) = 11*p**2 + 7*p + 10. Let w(x) = -5*x + 28. Let d be w(6). Let r be i(d). What is the highest common divisor of r and 360?
40
Suppose -106*h + 16810 = 32*h - 61436. What is the highest common divisor of 21 and h?
21
Suppose -9*b + 2340 = -6*b. Suppose -6*c - b = -2*c. Let v be (28/(-10) - 2)*c/26. What is the highest common factor of 12 and v?
12
Let t(m) = -9*m - 45. Let z(u) = 7*u + 44. Let n(x) = 3*t(x) + 4*z(x). Let p be n(-29). What is the highest common divisor of p and 48?
12
Let u be 3/1 + -2 + 29. Suppose u = 11*n - 80. What is the highest common divisor of n and 25?
5
Let m be ((-270)/21 + 10)/(2/(-7)). Suppose -m*x - 12 + 702 = 0. What is the highest common divisor of x and 897?
69
Let s be (-27030)/(-165) - 4/(-22). Suppose -47*x - s = -49*x. Suppose x = -9*k + 262. Calculate the greatest common divisor of 180 and k.
20
Let s be ((-38010)/(-40))/21 + (-1)/4. Let w be (10 + -7)*4*50/8. Calculate the highest common factor of w and s.
15
Let a = -8003 + 8256. What is the highest common factor of 184 and a?
23
Suppose 11*s + 5 = 27. Su